2*x. Suppose 0 = -q*j + 61 - 19. Let l = j + -7. Calculate the remainder when 18 is divided by l.
4
Let d(s) = -11*s - 88 + 51 + 2*s**3 - 6*s**2 + 58. Suppose -3*r + w + 65 = 0, 5 = -3*w + 17. Calculate the remainder when d(5) is divided by r.
20
Let y(s) be the second derivative of -s**4/6 + 65*s**3/6 + 27*s**2 + 47*s. Calculate the remainder when 35 is divided by y(33).
14
Let j(u) = -9*u - 83. What is the remainder when j(-18) is divided by 16?
15
Let a(i) = -i**3 + 9*i**2 + 11*i + 1. What is the remainder when 103 is divided by a(10)?
4
Let t(x) = x**2 + 12*x - 24. Let k be t(-13). Let h(j) = -j**2 - 18*j + 5. What is the remainder when h(k) is divided by 17?
14
Suppose 81 = 11*h - 51. What is the remainder when 57 is divided by h?
9
Suppose -j + 5*j = 0. Let v = j + 26. What is the remainder when 101 is divided by v?
23
Let p(y) = -y - 2. Let x be p(-2). Suppose x*o + o = 7. Suppose 5*c - o = -2. Calculate the remainder when 2 is divided by c.
0
Let p be (-52)/(-10)*((-7)/(-7) - -14). Suppose -p = -c - 9. Calculate the remainder when c is divided by 18.
15
Let z = -2 + 7. Suppose z*f = -4 - 1. What is the remainder when f/1 - 3*-13 is divided by 10?
8
Suppose 0 = -3*l + 5 + 7. Suppose -l - 54 = -v. Let x = 28 + -13. What is the remainder when v is divided by x?
13
Suppose -11*z + 14*z = 3. Let w = 16 + z. Suppose -30 = -a + 3. Calculate the remainder when a is divided by w.
16
Let v = 71 - 68. Let g be (18/(-1))/(20/(-10)). What is the remainder when v is divided by ((-4)/((-12)/g))/1?
0
Suppose 5*b - 2*b = 18. Let i(p) = -p**2 - 12*p - 1. What is the remainder when i(-6) is divided by b?
5
Suppose -o = -2*v + 7, -2*v + 0*v - 2*o + 22 = 0. Suppose -773 + 809 = 3*t. Calculate the remainder when t is divided by v.
0
Let g = -41 + 44. Suppose 4*m - 54 = -5*x, -54 = -2*m - m + g*x. What is the remainder when 26 is divided by m?
10
Let c(k) = -k**3 - 11*k**2 - 7*k - 62. What is the remainder when 88 is divided by c(-11)?
13
Let t(z) = -13*z - 4*z + z**3 + 8*z + 7*z**2 + 8 - 10*z. Calculate the remainder when 67 is divided by t(-9).
16
Let k = -1 - -18. Suppose -2*m + 5*x - 23 = 0, 5*m - 40 = -5*x - 10. What is the remainder when 72/(-7 + 1)*-4*m is divided by k?
14
Suppose 4*x - 4*q - 2736 = 0, -2*x - 10*q + 13*q = -1369. Calculate the remainder when x is divided by 12.
11
Suppose s = 7 - 6. Calculate the remainder when 4/(-22) - (208/44)/(-4) is divided by s.
0
Calculate the remainder when (10 + -1 - 8)/(1/106) is divided by 40.
26
Let p(m) = m**2 - 3*m + 2. Suppose 2*w - 44 = -2*w. Let g = -8 + w. Calculate the remainder when 6 is divided by p(g).
0
Let r(l) = -39*l - 9. Let n(z) = z**3 + 12*z**2 + 10*z + 3. What is the remainder when r(-2) is divided by n(-11)?
13
Let w = 691 + -686. Let n(t) = -t**3 + 5*t**2 + 4*t - 6. Let i be n(5). Suppose d - i - w = 0. What is the remainder when d is divided by 10?
9
Let i be ((-18)/5)/((-9)/30). Let k(w) = -i*w + 7 - 1 + 2*w**2 + 4*w + 0. Calculate the remainder when 44 is divided by k(5).
12
Let o(d) = 152*d**2 + 13*d - 12. What is the remainder when o(1) is divided by 27?
18
Let x = -1259 + 1333. Calculate the remainder when 100 is divided by x.
26
Suppose 0 = -4*j + 32 - 12, i + 4*j = 30. What is the remainder when i is divided by 10?
0
Let j = 58 - 42. Let l = 6 - 7. Let q = l + j. What is the remainder when 28 is divided by q?
13
Let r(m) = -5*m - 21. Let y be r(-4). Calculate the remainder when 41 is divided by (y + 0)*-19 - 0.
3
Suppose 4*i - 4*g = 96, 38*g - 118 = -5*i + 42*g. Calculate the remainder when 35 is divided by i.
13
Suppose -24*r = -20*r - 20. Calculate the remainder when 11 is divided by 2/r + (396/(-20))/(-3).
4
Let n(k) = 105*k + 18. Calculate the remainder when n(2) is divided by 59.
51
Suppose 3 = 4*v - 25. Let n = -13 + 35. Let k = 40 - n. Calculate the remainder when k is divided by v.
4
Suppose -39*x = -28*x - 1815. What is the remainder when x is divided by 30?
15
Let g be (-115)/2 - (-15)/30. Let f = 71 + g. What is the remainder when (-2)/(-4) + 665/10 is divided by f?
11
Suppose -3*p = -2*p - 3*t - 20, -p - 4*t = -20. Calculate the remainder when p is divided by ((-2)/(-2)*-1)/((-45)/360).
4
Let q(b) = -b**3 - 40*b**2 - 40*b - 33. Let m = -94 + 135. Calculate the remainder when m is divided by q(-39).
5
Let c = 599 - 591. Let q(k) = 2*k**2 + 10*k + 11. Let b(p) = -p**2 - 5*p - 6. Let m(a) = -5*b(a) - 2*q(a). Calculate the remainder when m(-6) is divided by c.
6
Suppose 6*c - 3*c = 0. Suppose -m - 5*m + 420 = c. What is the remainder when m is divided by 24?
22
Suppose -2*v + 2*g + 24 = 0, g + 20 = v + 4*g. Let d = -290 + 412. Let b = 127 - d. Calculate the remainder when v is divided by b.
4
Let b be 13 - (3 - (4 + -2)). Let l be 2 + 1*-18 + 2. What is the remainder when 12 is divided by (-1)/(-1 - b/l)?
5
Let c(s) = -2*s**2 - 36*s - 49. What is the remainder when 128 is divided by c(-15)?
5
Suppose 5*z - 35 = 2*t, -3*t + 0*t = 4*z - 28. What is the remainder when 11 is divided by z?
4
Suppose -36 + 207 = 9*h. Let w = -5 - -4. What is the remainder when h is divided by 3/w*(-20)/6?
9
Suppose u = -u + 82. Let f = 1918 + -1758. What is the remainder when f is divided by u?
37
Let x(t) = -t**3 - 7*t**2 + 4*t - 8. Let m = -1 + 3. Suppose m*j - 86 = 2*o, 2*o - o = 2. Calculate the remainder when j is divided by x(-8).
21
Suppose -3*j + 34 = 5*r, -5*r + 4*j = -12 - 1. Suppose 4*l + r*h + 25 = -61, 3*h = 5*l + 126. Let f = l + 41. Calculate the remainder when 100 is divided by f.
15
Let m = 803 + -742. Calculate the remainder when 105 is divided by m.
44
Let j = -18 - -21. What is the remainder when 23 is divided by 13/(-2)*(j - 5)?
10
Let t be (2 - 6) + (-24)/(-1). Suppose 5*r - 45 = 85. What is the remainder when ((-120)/16)/((-3)/t) is divided by r?
24
Let r(k) = -27*k - 7. Let z = -121 + 120. What is the remainder when 55 is divided by r(z)?
15
Suppose 0 = -5*h + 2*l + 462, 5*h - 455 = -9*l + 4*l. Suppose 4*w + h = 4*g - 168, 102 = 2*g + 5*w. Calculate the remainder when g is divided by 16.
13
Suppose 478 + 132 = 2*r. What is the remainder when r is divided by 34?
33
Suppose -13 = y - 5*m + 135, -5*y - 4*m - 595 = 0. Let v = -106 - y. Calculate the remainder when 46 is divided by v.
12
Suppose -253 = -11*n - 0*n. What is the remainder when n is divided by 12?
11
Let m = -7 + 11. Let a = 9 + 2. Calculate the remainder when a is divided by (m - 8)/(-1) - -3.
4
Suppose -884 = -6*t + 358. Suppose -12*y + t = -2469. What is the remainder when y is divided by 28?
27
Let n = 3 - 29. Let o = n - -59. What is the remainder when o is divided by 12?
9
Suppose 122 = d + 3*a - 8*a, 3*a = 4*d - 420. Let p = -3804 - -3817. What is the remainder when d is divided by p?
11
Suppose 749 = 18*s - 763. What is the remainder when s is divided by 35?
14
Let r = -438 + 630. What is the remainder when r is divided by 66?
60
Let i = -26 + 24. Let k be -6*(-153)/12*i. What is the remainder when 31 is divided by 34/k + 74/9?
7
Let w(k) = k**2 + 44*k - 23. Calculate the remainder when 71 is divided by w(-45).
5
Let b be (-9)/((-18)/(-4)) - 1. Let t(l) = -36*l + 3. Let r be t(b). Suppose -2*v - r = -5*v. Calculate the remainder when 108 is divided by v.
34
Let g(m) = 7*m - 6. Suppose 4*u + 2*h = 14, -3*u = u + 4*h - 20. Suppose u*s + 2*o = 28, 2*o + 7 = 3*s - 30. Calculate the remainder when g(4) is divided by s.
9
Let g(p) = 5*p**2 + 4*p + 3. Let q be g(-2). Suppose -3*i + q = -24. Calculate the remainder when 23 is divided by i.
10
What is the remainder when ((-6)/(-30))/(4/2620) is divided by 63?
5
Suppose -94*g + 98*g - 544 = 0. Calculate the remainder when 540 is divided by g.
132
Let r = -8 + 6. Let t be 2 + (-2 - (r + -1)). Suppose -t*p + 8*p = 35. Calculate the remainder when 20 is divided by p.
6
Let u = -1113 + 1153. What is the remainder when 437 is divided by u?
37
What is the remainder when 434 is divided by 34/136*184/2?
20
Let t be (-2)/9 + (-1359)/81. Let q = t - -41. Calculate the remainder when 44 is divided by q.
20
Suppose 0 = 13*w - 4*w - 198. What is the remainder when w is divided by 2 + (17 + -2 - 3)?
8
Let s(g) be the first derivative of -2*g**2 + 16*g + 31. Calculate the remainder when 95 is divided by s(-4).
31
Let r(x) be the third derivative of -x**5/60 + 11*x**4/24 - 